re the prime factors of 2407?
29, 83
What are the prime factors of 92575?
5, 7, 23
What are the prime factors of 381?
3, 127
What are the prime factors of 503?
503
List the prime factors of 30752.
2, 31
What are the prime factors of 170?
2, 5, 17
List the prime factors of 7190.
2, 5, 719
List the prime factors of 114621.
3, 13, 2939
List the prime factors of 50398.
2, 113, 223
What are the prime factors of 16422?
2, 3, 7, 17, 23
What are the prime factors of 97040?
2, 5, 1213
What are the prime factors of 151325?
5, 6053
What are the prime factors of 3018?
2, 3, 503
List the prime factors of 3609.
3, 401
What are the prime factors of 4591?
4591
List the prime factors of 1231.
1231
What are the prime factors of 15067?
13, 19, 61
List the prime factors of 3466.
2, 1733
List the prime factors of 2669.
17, 157
What are the prime factors of 2160?
2, 3, 5
What are the prime factors of 51098?
2, 29, 881
What are the prime factors of 1722?
2, 3, 7, 41
What are the prime factors of 1153?
1153
List the prime factors of 5921.
31, 191
List the prime factors of 3212.
2, 11, 73
What are the prime factors of 142205?
5, 7, 17, 239
What are the prime factors of 32273?
59, 547
What are the prime factors of 1594?
2, 797
List the prime factors of 519.
3, 173
List the prime factors of 2728.
2, 11, 31
List the prime factors of 32917.
32917
List the prime factors of 373.
373
What are the prime factors of 11090?
2, 5, 1109
What are the prime factors of 149238?
2, 3, 8291
List the prime factors of 305.
5, 61
List the prime factors of 8997.
3, 2999
What are the prime factors of 17146?
2, 8573
List the prime factors of 11694.
2, 3, 1949
List the prime factors of 12020.
2, 5, 601
List the prime factors of 416.
2, 13
What are the prime factors of 237?
3, 79
List the prime factors of 318.
2, 3, 53
What are the prime factors of 30919?
7, 631
What are the prime factors of 3656?
2, 457
List the prime factors of 19189.
31, 619
What are the prime factors of 1418?
2, 709
What are the prime factors of 4887?
3, 181
List the prime factors of 18536.
2, 7, 331
List the prime factors of 12645.
3, 5, 281
What are the prime factors of 1275?
3, 5, 17
What are the prime factors of 2965?
5, 593
What are the prime factors of 12172?
2, 17, 179
What are the prime factors of 850?
2, 5, 17
List the prime factors of 10541.
83, 127
What are the prime factors of 5780?
2, 5, 17
List the prime factors of 167.
167
List the prime factors of 2695.
5, 7, 11
List the prime factors of 6036.
2, 3, 503
List the prime factors of 138.
2, 3, 23
List the prime factors of 72329.
151, 479
List the prime factors of 3637.
3637
What are the prime factors of 8413?
47, 179
List the prime factors of 479.
479
List the prime factors of 84298.
2, 113, 373
List the prime factors of 42342.
2, 3, 7057
What are the prime factors of 3801?
3, 7, 181
What are the prime factors of 8937?
3, 331
List the prime factors of 1646.
2, 823
List the prime factors of 2529.
3, 281
List the prime factors of 2770.
2, 5, 277
What are the prime factors of 7379?
47, 157
What are the prime factors of 3931?
3931
What are the prime factors of 59654?
2, 7, 4261
What are the prime factors of 964?
2, 241
What are the prime factors of 1134?
2, 3, 7
What are the prime factors of 1843?
19, 97
List the prime factors of 4385.
5, 877
What are the prime factors of 1195?
5, 239
List the prime factors of 47003.
11, 4273
What are the prime factors of 5337?
3, 593
List the prime factors of 66392.
2, 43, 193
List the prime factors of 1065.
3, 5, 71
What are the prime factors of 102166?
2, 23, 2221
List the prime factors of 4931.
4931
What are the prime factors of 707?
7, 101
List the prime factors of 83417.
83417
What are the prime factors of 12284?
2, 37, 83
List the prime factors of 8950.
2, 5, 179
List the prime factors of 31357.
31357
List the prime factors of 14113.
11, 1283
What are the prime factors of 18802?
2, 7, 17, 79
What are the prime factors of 1119?
3, 373
List the prime factors of 6209.
7, 887
What are the prime factors of 50609?
13, 17, 229
What are the prime factors of 140?
2, 5, 7
What are the prime factors of 12388?
2, 19, 163
What are the prime factors of 46837?
7, 6691
What are the prime factors of 6764?
2, 19, 89
What are the prime factors of 77?
7, 11
List the prime factors of 2415.
3, 5, 7, 23
What are the prime factors of 5366?
2, 2683
What are the prime factors of 10025?
5, 401
List the prime factors of 2465.
5, 17, 29
What are the prime factors of 851?
23, 37
List the prime factors of 532.
2, 7, 19
What are the prime factors of 281?
281
List the prime factors of 1073.
29, 37
What are the prime factors of 98658?
2, 3, 7, 29
List the prime factors of 166.
2, 83
List the prime factors of 346.
2, 173
What are the prime factors of 38307?
3, 113
List the prime factors of 20916.
2, 3, 7, 83
What are the prime factors of 12019?
7, 17, 101
What are the prime factors of 9983?
67, 149
List the prime factors of 83657.
7, 17, 19, 37
List the prime factors of 45820.
2, 5, 29, 79
List the prime factors of 31847.
31847
List the prime factors of 5709.
3, 11, 173
What are the prime factors of 7411?
7411
List the prime factors of 60217.
60217
What are the prime factors of 16739?
19, 881
What are the prime factors of 4482?
2, 3, 83
List the prime factors of 12487.
12487
What are the prime factors of 546?
2, 3, 7, 13
What are the prime factors of 15178?
2, 7589
What are the prime factors of 6203?
6203
List the prime factors of 722.
2, 19
What are the prime factors of 991?
991
List the prime factors of 5544.
2, 3, 7, 11
What are the prime factors of 11?
11
What are the prime factors of 4424?
2, 7, 79
List the prime factors of 1974.
2, 3, 7, 47
What are the prime factors of 2703?
3, 17, 53
What are the prime factors of 6?
2, 3
What are the prime factors of 8189?
19, 431
List the prime factors of 3314.
2, 1657
List the prime factors of 13120.
2, 5, 41
List the prime factors of 117624.
2, 3, 13, 29
What are the prime factors of 1254?
2, 3, 11, 19
List the prime factors of 16356.
2, 3, 29, 47
What are the prime factors of 533?
13, 41
What are the prime factors of 10746?
2, 3, 199
What are the prime factors of 5209?
5209
List the prime factors of 393.
3, 131
List the prime factors of 444.
2, 3, 37
List the prime factors of 43917.
3, 14639
List the prime factors of 69210.
2, 3, 5, 769
What are the prime factors of 40436?
2, 11, 919
What are the prime factors of 6626?
2, 3313
What are the prime factors of 33244?
2, 8311
List the prime factors of 16837.
113, 149
List the prime factors of 6186.
2, 3, 1031
List the prime factors of 4385.
5, 877
List the prime factors of 1139.
17, 67
List the prime factors of 8959.
17, 31
What are the prime factors of 46929?
3, 15643
List the prime factors of 1280.
2, 5
What are the prime factors of 25308?
2, 3, 19, 37
List the prime factors of 26351.
13, 2027
List the prime factors of 1500.
2, 3, 5
List the prime factors of 2564.
2, 641
What are the prime factors of 85152?
2, 3, 887
What are the prime factors of 2550?
2, 3, 5, 17
What are the prime factors of 409?
409
List the prime factors of 313.
313
List the prime factors of 4517.
4517
List the prime factors of 2105.
5, 421
What are the prime factors of 456?
2, 3, 19
List the prime factors of 64041.
3, 21347
List the prime factors of 2490.
2, 3, 5, 83
List the prime factors of 923.
13, 71
What are the prime factors of 10672?
2, 23, 29
List the prime factors of 28672.
2, 7
List the prime factors of 100313.
100313
What are the prime factors of 2106?
2, 3, 13
List the prime factors of 35800.
2, 5, 179
List the prime factors of 85317.
3, 28439
List the prime factors of 26260.
2, 5, 13, 101
List the prime factors of 253.
11, 23
What are the prime factors of 23211?
3, 2579
What are the prime factors of 862?
2, 431
List the prime factors of 67062.
2, 3, 11177
What are the prime factors of 675?
3, 5
What are the prime factors of 21832?
2, 2729
What are the prime factors of 969?
3, 17, 19
List the prime factors of 109526.
2, 23, 2381
List the prime factors of 24276.
2, 3, 7, 17
What are the prime factors of 25222?
2, 12611
What are the prime factors of 8072?
2, 1009
What are the prime factors of 769?
769
List the prime factors of 7908.
2, 3, 659
List the prime factors of 3424.
2, 107
